- 21. Suppose 5*o = -11*j + 6*j + 95, -4*j = 3*o - 61. Calculate u(o).
-36
Let m(n) be the third derivative of -n**4/24 + n**3/2 - 78*n**2. What is m(-3)?
6
Let c(m) = m**3 + 1 + 2*m**3 + m**2 + 0*m**3 + 2*m. Let y = 22 + -42. Let f be y/14 + (-6)/(-14). Calculate c(f).
-3
Let d(l) = -51*l**3 - 4*l**2 - 9*l - 4. Let m(w) = -49*w**3 - 3*w**2 - 7*w - 3. Let v(f) = 4*d(f) - 5*m(f). Calculate v(-1).
-42
Let a(s) = 3*s**2 - 3*s - 1. Let d be a(-1). Suppose -4*z - d*y - 5 = -9*z, -z + 21 = 3*y. Let j(o) = o**2 - 6*o - 2. Determine j(z).
-2
Let d be -3 - 8*(-3)/(-2). Let n be 5*(2 - (-48)/d). Let j(h) be the first derivative of h**2/2 + 7*h + 41. Calculate j(n).
1
Let n(f) = -f**3 - 6*f**2 - 6*f. Suppose -3*x = 5*y + 55, 0 = y + 5. Let h = x + 5. Calculate n(h).
5
Let m(j) = -10*j + 8*j + 4 + 4*j - 2. What is m(-2)?
-2
Let f(z) be the first derivative of z**4/4 - 10*z**3/3 - 9*z**2/2 - 7*z - 80. Calculate f(11).
15
Let a(c) = 14*c - 1 - 1721*c**2 + 1722*c**2 + 9*c - 9*c. Give a(-12).
-25
Let x(u) = -2*u**2 + 8*u - 4. Let a(y) = -y**2 + 4*y - 1. Let o(f) = 7*a(f) - 3*x(f). What is o(4)?
5
Let j(a) be the second derivative of a**5/20 - 11*a**4/12 - 23*a**3/6 - 43*a**2/2 + 688*a. Determine j(13).
-4
Let o(q) = 3*q**2 - 6*q + 17. Let g(x) = -16*x**2 + 28*x - 87. Let u(d) = 2*g(d) + 11*o(d). Calculate u(6).
-11
Let h(x) = -x**3 - 8*x**2 + 12*x + 20. Let n(d) = d**2 - 49*d - 59. Let k be n(50). Calculate h(k).
-7
Suppose -3*z + 0 + 3 = 0. Let k(y) = 6 + y - y + 3*y + z. What is k(-5)?
-8
Let a(o) = o**3 + 13*o**2 + 14. Let c be a(-13). Let g = c - 12. Let x(i) = -4*i + 5*i + g*i + 5 - 4*i. Calculate x(3).
2
Let m = 41 - 33. Let c(p) = -6*p + 9. Let i(x) = -2*x + 3. Let s(t) = m*i(t) - 3*c(t). Give s(6).
9
Let k(d) be the first derivative of -d**4/4 - d**3/3 - d**2/2 - d + 10. Let y(w) = w**2 - 8*w - 11. Let t be 9 - -3 - (-6)/(-2). Let u be y(t). What is k(u)?
5
Let t(p) = -p**2 + 11*p - 3. Suppose 3*o - 3*c = 30, -2*c - 2*c = 4*o - 48. Determine t(o).
-3
Let m(c) = c - 4. Let w be 5*(-4 - 44/(-10)). Suppose 2*u + 0*q + w*q - 20 = 0, u = 4*q. Determine m(u).
4
Let h(q) = q**3 + 6*q**2 - 7*q. Let b be 4/(-6)*(-168)/(-16). Let y be h(b). Suppose 2*i - 2 - 4 = y. Let z(p) = p**3 - 3*p**2 - 3. Determine z(i).
-3
Let k(f) = -f + 1. Suppose 2*p + 60 = 6*p. Suppose p - 1 = 7*t. Let w be -1 + t + -3 - -3. Calculate k(w).
0
Let p be 4/2*1 - (-16)/(-12). Let u(t) be the second derivative of p*t**3 - 1/12*t**4 + 2*t + 1/2*t**2 + 0. Determine u(5).
-4
Let d(h) = -197*h - 6 - 3 - 195*h + 393*h. Calculate d(-6).
-15
Let p be (3 + -2)*1*-2. Let r = -2 - p. Suppose 4*w + 0*w = r. Let s(n) = n**2 - n + 1. Calculate s(w).
1
Let s(l) = -4*l**3 + 2*l**3 + 2*l + 5*l**3 - 2*l**3 + 6*l**2. Give s(-6).
-12
Suppose 4*u + 4 = -4. Let d be 0/(4/u) - 0. Suppose d = -t - 3*t. Let n(w) = -w**2 + 5. What is n(t)?
5
Suppose -4*m + m = -6. Let f(r) be the first derivative of r**4/4 - r**3/3 - r**2/2 + 2*r - 93. What is f(m)?
4
Let n(x) = x**3 + 6*x**2 - x - 6. Let f(p) = p**2 - 1. Let i(j) = 6*f(j) - n(j). Let y be 2*(28/8 + -4)*0. Determine i(y).
0
Let u(x) be the first derivative of x**4/4 + 8*x**3/3 - 3*x**2/2 + x - 479. Give u(-7).
71
Suppose 3*d + i = -0*i + 46, 4*i = 5*d - 105. Let p = d - 13. Let q(k) = k**2 + 1. Let f(j) = -3*j**2 - 2*j. Let g(x) = p*q(x) + f(x). Determine g(3).
7
Let i(t) = 0 - 3*t**2 + 1 - 3 - 50*t - 2*t**3 + 47*t. Determine i(-2).
8
Let t = 107 + -100. Let l(p) = p**3 - 6*p**2 - 3*p + 2. Determine l(t).
30
Let l(b) = b - 1. Let d = 261 - 261. Determine l(d).
-1
Let r be 12/7 - 6/(-21). Suppose 0 = 2*t - t - 5. Let c(h) = h - r*h + 4*h - t. Give c(6).
13
Suppose 8 = 4*j - 0. Suppose 3*u + j*r - 5 = 10, 2*r = 0. Let d(w) = 5*w - 4*w - 2*w**2 - u - 3*w + 4 - 5*w**3. Give d(-1).
4
Let m(d) = d**3 - 7*d**2 - d + 2. Let c be (-50)/(-475) - (-262)/38. Calculate m(c).
-5
Let d(i) be the second derivative of -5*i**3/6 - 2*i**2 - 68*i. Calculate d(-4).
16
Suppose p - 2*f - f + 12 = 0, 3*p = 3*f - 24. Let c(k) be the first derivative of k**2/2 + 13*k - 46. Calculate c(p).
7
Suppose 2*b - 6 = b. Let k(u) = u**3 - 4*u**2 - 7*u + 15. Let y be k(5). Let g(l) = y + 3*l + 3 - 14 - 1. Calculate g(b).
11
Suppose -3*r = -r - 12. Let p(u) = 2*u**3 - 23*u**2 + 18*u - 4. Let k(n) = -n**3 + 11*n**2 - 9*n + 2. Let b(v) = -9*k(v) - 4*p(v). Calculate b(r).
16
Suppose -4*f - 5*a - 45 = -14, 5*f - a + 17 = 0. Let z(c) = 3*c**2 + 2*c**2 - 7*c**2 + 3*c**2 - 3 + 4*c. Determine z(f).
-3
Let i(z) = 8*z + 1. Let v(x) = -17*x - 5. Let f(w) = -2*i(w) - v(w). What is f(-4)?
-1
Let t(c) = c - 11. Let u be t(11). Let x(l) = -3 + 3*l + 1 + u. Suppose 5*o - 13 = -2*s - 2, 3*o - 3*s - 15 = 0. Determine x(o).
7
Let h = 3 - -4. Let k(u) = h*u**2 + 6 - 5*u**2 + 8*u + 3*u**2 - 4*u**2. Calculate k(-5).
-9
Let p(g) = -2*g + g**2 - 1 + 4 + 7*g. Let w be 25/(-10)*-1*2. Suppose -2*q + 4*l + w = -1, 0 = -q + l. What is p(q)?
-3
Suppose 10 = -2*x - 2*v, 3*x + v + 5 = -x. Let c(j) = 2*j + 2*j - 5 - 1 + x*j. What is c(6)?
18
Let n be (-14)/(-77) - 540/66. Let s(z) = -z**3 - 7*z**2 + 9*z + 7. Give s(n).
-1
Let f(d) = -1. Let z(h) = h + 5. Let a(m) = -f(m) + z(m). Let r be a(-5). Let n(q) = -2*q + 3 + 3*q**2 + q**2 - 2. Determine n(r).
3
Suppose i - 21*i - 30 = 10. Let s(m) = -2*m + m**2 - 3*m**2 + 0 + 9. Let x(r) = -r**2 - r + 5. Let n(o) = -3*s(o) + 5*x(o). What is n(i)?
0
Let v = 31 + -44. Suppose 26*a = 18*a + 72. Let i = v + a. Let h(t) = 2*t**2 + 5*t - 1. Give h(i).
11
Let f(l) = -l + 3. Suppose 5*v = 4*a + 132, 0 = -4*a + 3*v - 7*v - 132. Let z = a + 27. Give f(z).
9
Let q(j) = j - 5. Let w be (-21)/(-49) - ((-432)/28)/6. Calculate q(w).
-2
Let y(f) = -2*f**3 - 4*f**2 - 2*f + 2. Let j be 8/2*65/(-130). What is y(j)?
6
Let b(v) = -v + 2. Suppose -35*m + 44 = -31*m. Let f(j) = -4*j + 10. Let y(r) = m*b(r) - 2*f(r). Give y(3).
-7
Suppose 0 = 6*o - 2*o. Let a(i) be the third derivative of -1/24*i**4 + 5/3*i**3 + 27*i**2 + 0 + 0*i. Determine a(o).
10
Let r(x) = x + 5. Let s(w) = -5*w + 2*w - 2*w + w**2 - 6*w - 15. Suppose 6*m - 72 = m - 4*z, -m = -4*z. Let o be s(m). Give r(o).
2
Let t = 8 - 5. Let b(x) = -t - 2*x - 1 + 4*x. Suppose 0 = 6*i + 2*a - 20, -5*i - 25*a + 26*a = -30. Give b(i).
6
Let q(r) = r**3 + r**2 - 3*r + 4. Let j(k) = -4*k**2 - k. Let l(i) = -i**3 + 5*i**2 - 6*i + 5. Let t be l(4). Let v = t + 2. Let z be j(v). What is q(z)?
-5
Suppose -26*o = -13*o + 195. Let r(x) = -3*x - 28. Calculate r(o).
17
Let b(n) be the second derivative of -13*n**7/840 + n**6/360 + n**3/2 - 14*n. Let z(c) be the second derivative of b(c). Determine z(1).
-12
Suppose -2*y + 4*f - 12 + 42 = 0, 0 = -y - f. Let l(r) = 318*r**3 - 317*r**3 - y*r**2 - 7*r - r**2. Calculate l(7).
0
Suppose 14*c - 10*c + 49 = 5*q, -5*q + 27 = -2*c. Let w(o) = -o**2 - 11*o - 2. What is w(c)?
-2
Let y be 2/(-4)*14/28*-4. Let b(q) = -14*q - 7*q + 2*q. What is b(y)?
-19
Let l(n) = -n**3 + 4*n**2 + 2*n - 2. Let p be -28*(-2)/((-16)/6). Let j = -13 - p. Suppose q = -q + j. Calculate l(q).
6
Let d(t) = 11*t - 13. Let a(f) = -6*f + 8. Let s(p) = 5*a(p) + 3*d(p). Let g be (0 - -9)/(1/1). Suppose c - 3*b - g = 0, c + b + 0 + 7 = 0. Calculate s(c).
-8
Suppose -2*h + 2*z + 36 = 0, 5*h - z = 2*z + 82. Let n(u) = h - 13 - u**2 + 9*u + 0*u**2 - 10. What is n(7)?
5
Let c(f) = -5 + 1 + 2 - 2 - f. Let g(i) = 4*i**3 - i**2 - i - 1. Suppose -t - 4*t = -3*y + 14, -15 = -5*y. Let o be g(t). What is c(o)?
1
Let k = -24 + -7. Let f = k + 30. Let s(z) = z**3 - z**2 - z. What is s(f)?
-1
Let g(i) be the second derivative of -7*i**5/20 + i**4/6 + i**3/6 + 552*i. Calculate g(-1).
8
Suppose -39*s + 41*s + x - 13 = 0, 4*s - 28 = -4*x. Let r = 6 - 4. Let q(n) = -3*n**3 - 3*n**r - s*n**3 + 11*n**3 + 4*n**2. Give q(-1).
-1
Let k(q) = q - 3. Let c = -89 - -103. Suppose -27 = 3*b - 3*w, 0*b + b = 2*w - c. What is k(b)?
-7
Let u = 2 - 3. Let n(y) be the first derivative of -7*y**3 + y**2/2 + y - 88. What is n(u)?
-21
Let c(f) = 15*f - 1 - 5*f + 3 - 8*f - 3. What is c(-8)?
-17
Let l be (-2)/3*84/8. Let p(w) be the first derivative of w**3/3 + 3*w**2 + 4*w + 10. What is p(l)?
11
Let n(r) = -22*r**2 - 4 - 11*r**2 - 10*r**2 + 5*r + 42*r**2. Calculate n(6).
-10
Let x(l) = -l**2 - 1. Let i(m) = -m**3 - 8*m**2 - 5*m + 10. Let v be i(-7). Let d be v/6 - (-64)/24. What is x(d)?
-5
Let l(